**2 + 15*q - 2. Let b be c(5). What is the tens digit of (-1)/b*-12*470/(-15)?
8
Suppose 0 = -t - q - 35, -6*t + 2*t = 5*q + 141. Let k = t - -82. What is the tens digit of k?
4
Suppose 47*d = 8*d + 75075. What is the units digit of d?
5
Let f(q) = 88*q**3 + q**2 - 2*q + 1. Let x(v) = 3*v + 10. Let n be x(-3). What is the tens digit of f(n)?
8
Let o(r) = 204*r**2 + 3*r - 2. Let c be o(1). Suppose -w - 2*w + c = 5*g, -2*g = -4*w - 82. What is the tens digit of g?
4
Suppose 5*i + 3*l - 31 = -6, -4*i = 5*l - 20. Suppose -g - 30 = -i*o, 1 = -5*g + 2*o - 172. What is the units digit of (14/g)/(1/(-55))?
2
Let r(p) = 0 + 4 - 2*p**2 + 1 + p**2 - p**3 + 2*p. Let j be r(-3). Suppose -14*m = -j*m + 150. What is the units digit of m?
0
Let q(s) = 2*s**2 + 7*s + 14. What is the tens digit of q(9)?
3
Let v(r) be the third derivative of r**5/60 - r**4/8 - 29*r**3/6 - 6*r**2. What is the tens digit of v(-9)?
7
Suppose -4*q + 10 = -6. Suppose 5*u + 5*n - 123 = 3*u, -254 = -q*u - 2*n. What is the tens digit of u?
6
Let w(z) = -z**3 + 5*z + 5. Let q be w(-6). Suppose 0 = 5*n - 59 - q. What is the units digit of ((-680)/n)/(2/(-5))?
4
Suppose -4 = -2*t - 0*t. Suppose 0 = i - 6*i + 5*y - 5, -3*i = 3*y - 15. Suppose -t*x = 2*f + i*x - 66, -3*x = 5*f - 158. What is the units digit of f?
1
Suppose -5*c - 550 = -10*c - 3*b, 0 = -2*b - 10. Suppose 4*d - 1 = -5, -f - 71 = -5*d. Let h = f + c. What is the units digit of h?
7
Let l(j) = 2*j + 11*j**2 - 1 + 2 - j**2 - 7*j**2. Let b be l(2). Let t = 24 - b. What is the units digit of t?
7
Let w = -702 - -2124. What is the tens digit of w?
2
Let i(p) = 5*p**3 - 6*p**2 - 3*p - 34. Let j(l) = 11*l**3 - 13*l**2 - 7*l - 68. Let z(n) = 13*i(n) - 6*j(n). What is the units digit of z(-6)?
4
Suppose -l - 5 = x - 4, 4*x - 5*l + 31 = 0. What is the tens digit of x/(-3)*(-828)/(-24)?
4
Let l(m) = m - 13. Let s be l(4). Let t = 31 - 11. Let y = t + s. What is the tens digit of y?
1
Let x(w) = -w**3 - 6*w**2 - 2*w + 8. Let h be (-1)/((-4)/6)*-6. Let j(n) = n**2 + 9*n - 6. Let t be j(h). What is the tens digit of x(t)?
2
Suppose 0 = 4*g - 4*k - 3472, -2*k = g + 3*k - 892. What is the units digit of g?
2
What is the tens digit of (-12657)/(-21) + 2/7?
0
Suppose 6*f + 324 = 3*f. Let c = -60 - f. What is the units digit of c?
8
Suppose -3*j = -2*t + 2*j + 760, 5*t + 5*j - 1830 = 0. What is the tens digit of t?
7
Let y be 5/25*5*1. Let w(l) = 15*l - 1. Let u be w(y). Suppose 4*t = u + 26. What is the units digit of t?
0
Let l(c) = -4*c - 10*c + 13*c + 2. Suppose -4*w = 20 - 0. What is the units digit of l(w)?
7
Let c(z) = -z**2 - 7*z + 10. Let d be c(-8). What is the tens digit of 15*((-20)/(-6))/d?
2
Let x(h) = -h**2 - 5*h. Let l be x(-4). Let j be (6/(-5))/(30/(-250)). Suppose 53 = l*q + 5*p, -4*q + 5*p + j = q. What is the units digit of q?
7
Let q be ((-2022)/4)/(15/(-90)). Suppose -8*g = 337 - q. What is the hundreds digit of g?
3
Suppose 0 = -5*y + 6*y - 16. Let m be 1*y*(-6 + 12). Let o = m + -53. What is the tens digit of o?
4
Let s(o) = -o**3 + 7*o**2 - 5*o - 1. Let y = 24 + -20. Let d be s(y). What is the units digit of (d - 0)/((-6)/(-8))?
6
What is the tens digit of (18 - -2)/5*391?
6
Suppose 2*t - 14 + 4 = 0. Suppose -l = -2*l + t. Suppose -4*u = -f - u + 21, 0 = 2*f - l*u - 41. What is the units digit of f?
8
What is the units digit of 1 - 4 - (-15*258)/15?
5
Suppose g - 5*g + 56 = 0. Suppose -7*n + 14 = -g. Suppose 16 = n*r, -d = r - 8 + 1. What is the units digit of d?
3
Suppose -5*q - 145 + 2400 = 0. What is the tens digit of q?
5
Let z(l) be the first derivative of l**4/24 + l**3/3 - 3*l**2 - 4. Let q(f) be the second derivative of z(f). What is the units digit of q(-1)?
1
Let z be (-8)/(1 - (4 - 2)). What is the tens digit of -73*4/z*-2?
7
Suppose 2*x - 220 = 4*f, -5*f + 0*x = -3*x + 277. What is the tens digit of ((-13)/13)/(1/f)?
5
Let k(t) = t**2 - 9*t - 147. What is the hundreds digit of k(-21)?
4
Suppose -12 = -6*a + 3*a. Let b be 0/(a/12*6). Suppose -54 = -2*h - b*n + 5*n, 5*h - 4*n - 135 = 0. What is the units digit of h?
7
Suppose r + 3 = 5. Suppose -r*a = 5 - 13. Suppose 228 = a*l - 5*j, -3*l + 140 = -0*l + 4*j. What is the units digit of l?
2
Let v(q) = -q + 1. Let i(w) = 29*w - 7. Let l(k) = i(k) + 6*v(k). Let u be l(7). Suppose -3*g + u = 2*g. What is the units digit of g?
2
Let l = 13 + -53. Let n = l + 77. What is the tens digit of n?
3
What is the units digit of (-7)/(7/(-1188)) + (20 - 25)?
3
Suppose 4*g - 5*x = 1 - 10, -3 = -g - 4*x. Suppose 9*v - 8*v = 4*o - 49, 4*o - 46 = -2*v. What is the units digit of -2 + 3 + g + o?
2
Let q = -11 - -4. Let i = 5 - q. What is the units digit of 4/(2/i*4)?
6
Suppose 0*f + 4*f - 8 = 3*a, 0 = -5*f + 3*a + 7. Let h be (-10)/(-4) - f/(-2). Suppose -h*x = -0*x - 30. What is the units digit of x?
5
Let n = -60 - 2. Let l = -29 - n. Suppose -5*i + 3*i + 14 = y, 5*i - l = -2*y. What is the units digit of y?
4
Let t(h) = -4*h + 25 + 11*h + 3*h + 3*h. What is the tens digit of t(5)?
9
Suppose -5*a + 80 - 2 = 2*i, 0 = -a + 4*i - 2. What is the units digit of a?
4
Let d be ((-112)/(-7))/4 + 0. Suppose 3*g = -3*o + 78, -o + 3*g - 101 = -5*o. Suppose x - d = o. What is the units digit of x?
7
Suppose z - r = -4*r + 14, 2*z - 33 = -r. Suppose y - 5*s + 4 = -14, 0 = 2*y - 5*s + 26. Let x = z + y. What is the units digit of x?
9
Suppose -5*h = -104 + 589. Let l = h - -139. What is the tens digit of l?
4
Suppose 4*l + 10 = 6*l. Suppose 0 = -v + l*v - 392. What is the units digit of v?
8
Suppose 3*d - 2*d = 4*c - 60, d + 2*c + 66 = 0. Let i = d - -119. What is the units digit of (2 + 2)/(10/i)?
2
Suppose -6*o = 3*d - 3*o - 12, 4*o - 8 = 0. Suppose 0 = d*a + a + 57. Let l = 31 + a. What is the tens digit of l?
1
Let t be 2 - -3*44/3. Suppose -t = 4*k - 150. What is the tens digit of k?
2
Suppose -2*c + 4*z - 30 = 0, 5*z = 5*c + 55 + 30. Let w = -7 - c. Let g = 4 + w. What is the tens digit of g?
1
Let c(d) = -14*d**2 - 4*d + 7. Let b(a) = -14*a**2 - 3*a + 6. Suppose -3*x = 2*x - 25. Let n(r) = x*c(r) - 6*b(r). What is the units digit of n(-1)?
5
Let b = -14 - -17. Let l be (-7)/(14/(-20)) + 1. Suppose -b*q + 55 = -l. What is the tens digit of q?
2
Let w(a) = 25*a**2 - a + 1. Let v be w(1). Suppose 2*r + 17 = -4*d + 5*r, 5*d + 35 = r. Let l = d + v. What is the tens digit of l?
1
Suppose -3046 = -14*p - 736. What is the units digit of p?
5
Let w be (48/4)/((-24)/(-16)). Suppose -4*t - 2*p - 43 = 3*p, -38 = 5*t + p. Let i = w + t. What is the units digit of i?
1
Let f = -237 + 252. What is the tens digit of f?
1
Suppose 0 = -2*k - m - 5, -2*m = 4*k + 2*m + 12. Let d(a) = -a - 1. Let s(h) = -6*h + 1. Let x(u) = 3*d(u) + s(u). What is the tens digit of x(k)?
1
Let c(i) = 3*i + 4. Let y(v) = 3*v + 3. Let t(a) = -6*c(a) + 5*y(a). Let o be 1/((-2)/8*1). What is the units digit of t(o)?
3
Suppose -23*l = -28*l + 230. What is the tens digit of l?
4
Suppose -4*f - 30 = f. Let c be (3/(-2) + 1)*f. Let t(q) = 3*q**2 - 2*q - 1. What is the tens digit of t(c)?
2
Suppose 4*y - 31 = -y - 3*b, -4*y + 2*b = -16. Suppose -2*l - 25 = -0*z - y*z, -20 = l - 4*z. Suppose -3*q + l = -12. What is the units digit of q?
4
What is the tens digit of ((-4848)/(-9))/(12*1/18)?
0
Let o be (-4 - -3)/(3/267). Let h = -28 - o. Suppose h - 12 = q. What is the tens digit of q?
4
Let n = 1384 - 759. What is the hundreds digit of n?
6
What is the units digit of (0/3 - 4)/((-5)/1255)?
4
Let f be (-2)/(-12)*2*9. Suppose 9 = 5*c - 11. Suppose -k + 33 = -a, 4*a + 91 + c = f*k. What is the tens digit of k?
3
Let w(r) = -r**3 - 7*r**2 - 6*r + 9. Let k(o) = -4*o + 9. Let c be k(4). What is the units digit of w(c)?
1
Suppose 93 = 3*x - 15. Let q be 117/x + (-3)/(-4). Let b(l) = l**3 - 5*l**2 + 5*l - 1. What is the units digit of b(q)?
3
Suppose 1 = s, 0 = 7*m - 2*m - 3*s - 2822. What is the units digit of m?
5
Let d = 15 - 19. What is the tens digit of 5 + (d - -37 - -4)?
4
Let g(x) = x**3 + 5*x. Suppose -3*p + b + 20 = 0, -2*b = -2*p + 5*p - 5. What is the tens digit of g(p)?
5
What is the hundreds digit of -6 - -2 - (-1 + -1904)?
9
Let j(v) = -39*v**3 - v**2 - v - 1. Let u(o) = -o - 6. Suppose -3*a = -2 + 17. Let t be u(a). What is the tens digit of j(t)?
3
Let z(p) = p - 51. Let b be z(5). Let r be 240/3 + 2/(-1). Let j = b + 